(-7).
-11
Let m(r) = -2*r**2 + 442*r - 11462. Calculate m(191).
-2
Let b(q) = 483*q + 2567. Give b(-5).
152
Let y(q) = 3*q**2 + 311*q + 3569. Determine y(-12).
269
Let r(a) = 24*a**2 - 245*a + 47. Calculate r(10).
-3
Let c(g) = -12*g**2 + 16*g + 117. Determine c(9).
-711
Let s(f) = 4*f**2 + 88*f + 23. Determine s(-22).
23
Let b(i) = -25*i - 651. Determine b(-23).
-76
Let s(d) = d**3 + 10*d**2 - 76*d - 3. Calculate s(-16).
-323
Let a(j) = -11*j**3 - 66*j**2 - 47*j - 281. Determine a(-6).
1
Let x(l) = 2*l**2 + 15*l - 35. What is x(-9)?
-8
Let s(q) = -q**3 - 25*q**2 + 59*q - 50. Calculate s(-27).
-185
Let u(b) = -19*b - 60. What is u(-2)?
-22
Let i(n) = 3*n**2 - 126*n - 541. What is i(46)?
11
Let k(d) = -d**2 - 64*d - 514. Determine k(-10).
26
Let p(m) = -m**3 + 23*m**2 + 213*m - 23. Give p(31).
-1108
Let d(f) = 221*f + 1360. Give d(-7).
-187
Let l(a) = -977*a + 5913. Calculate l(6).
51
Let x(z) = -51*z + 117. What is x(-11)?
678
Let t(o) = -76*o**2 + 3950*o + 110. What is t(52)?
6
Let m(o) = -1993*o + 21921. Determine m(11).
-2
Let t(o) = 2*o**3 + 10*o**2 + 5*o + 19. Give t(-4).
31
Let p(m) = -27*m + 490. What is p(18)?
4
Let b(w) = -2*w**2 - 146*w + 2070. What is b(13)?
-166
Let t(q) = -q**3 + 10*q**2 + 27*q - 220. What is t(10)?
50
Let v(p) = 401*p**2 - 6410*p - 92. Give v(16).
4
Let n(h) = 114*h + 38. Give n(1).
152
Let r(u) = u**3 - 15*u**2 + 18*u - 6. Give r(13).
-110
Let n(v) = v**3 - 2*v**2 + 41*v + 1. Determine n(0).
1
Let r(k) = k**2 + 81*k - 2176. Give r(21).
-34
Let g(r) = -82*r**3 - 5*r**2 + 5*r + 1. Calculate g(1).
-81
Let r(s) = -2*s**3 - 12*s**2 - 12*s - 3. Give r(-5).
7
Let v(y) = -y**3 + 5*y**2 - y + 21. Give v(6).
-21
Let b(m) = -m**2 + 163*m + 8. Calculate b(0).
8
Let f(q) = -7*q**2 - 99*q + 4352. What is f(-33)?
-4
Let o(t) = 16*t**2 - 81*t - 1. Give o(5).
-6
Let q(s) = -2*s**2 - 281*s - 2377. Determine q(-9).
-10
Let j(n) = n**3 + 7*n**2 - 699*n - 3551. What is j(-5)?
-6
Let a(f) = 226*f - 3172. Give a(14).
-8
Let m(a) = a**3 - 17*a**2 - 17*a + 268. Give m(17).
-21
Let n(a) = -a**2 - 13*a + 149. Calculate n(-20).
9
Let i(r) = -r**3 - 16*r**2 + 20*r - 14. What is i(-17)?
-65
Let k(m) = -m**2 - 337*m - 5746. Determine k(-18).
-4
Let f(v) = -845*v - 7611. Determine f(-9).
-6
Let z(v) = v**2 - 112. Give z(-22).
372
Let c(u) = -u**2 - 485*u - 1445. What is c(-3)?
1
Let c(v) = 2*v**3 + 122*v**2 + 125*v + 287. Calculate c(-60).
-13
Let w(o) = 67*o - 463. Determine w(7).
6
Let j(b) = -b**2 + 35*b - 73. Calculate j(-8).
-417
Let w(v) = -3738*v + 71019. What is w(19)?
-3
Let h(a) = -a**2 + 597*a + 14267. Calculate h(-23).
7
Let g(h) = h**2 + 100*h + 2503. What is g(-49)?
4
Let d(c) = -c**3 + 20*c**2 - 41*c - 18. Give d(18).
-108
Let g(v) = -v**2 - 101*v - 1591. Determine g(-82).
-33
Let g(z) = -z**2 - 312*z - 18222. Determine g(-234).
30
Let u(s) = s**2 - 568*s + 6662. Calculate u(12).
-10
Let z(v) = -13*v + 393. Determine z(29).
16
Let i(m) = -91*m + 241. Calculate i(4).
-123
Let l(i) = -25*i + 972. Give l(43).
-103
Let f(s) = -5*s + 139. Determine f(42).
-71
Let k(u) = -u**3 - u**2 + 42*u - 1. Calculate k(5).
59
Let s(x) = -x**3 - 27*x**2 + 168*x + 244. Calculate s(-32).
-12
Let o(s) = -52*s + 136. Calculate o(8).
-280
Let o(k) = -17*k + 75. What is o(3)?
24
Let l(x) = x**3 + 23*x**2 - 110*x - 62. What is l(-27)?
-8
Let u(j) = -159*j + 469. What is u(3)?
-8
Let s(k) = -6*k**2 - 157*k + 129. Give s(-27).
-6
Let g(o) = 5*o**3 - 2*o**2 + 4*o - 3. Calculate g(2).
37
Let q(a) = -a**3 + 35*a**2 - 4*a + 85. Give q(35).
-55
Let i(p) = p**3 + 10*p**2 + 351*p + 3450. What is i(-10)?
-60
Let z(u) = u**3 - 11*u**2 + 84*u - 931. What is z(11)?
-7
Let j(d) = d**3 - 20*d**2 + 16*d - 36. Determine j(20).
284
Let n(d) = 790*d + 9480. What is n(-12)?
0
Let c(v) = -357*v + 725. Give c(2).
11
Let x(t) = 35*t + 120. Calculate x(-5).
-55
Let i(q) = 2*q**3 + 29*q**2 + 5*q + 294. Give i(-15).
-6
Let p(j) = -j**3 + 4*j**2 - 12*j + 47. Determine p(4).
-1
Let b(p) = -385*p - 150. Calculate b(1).
-535
Let g(t) = -48*t - 5590. Give g(-117).
26
Let v(o) = -2*o**3 + 95*o**2 - 50*o + 151. Calculate v(47).
10
Let n(t) = 4*t**3 + 26*t**2 + 27*t - 4. What is n(-5)?
11
Let w(i) = -76*i + 593. Give w(8).
-15
Let u(h) = h**3 - 9*h**2 - 22*h + 211. Give u(5).
1
Let f(r) = 3*r**3 + 2*r**2 + 7*r - 19. Determine f(-3).
-103
Let d(k) = -k**3 + 20*k**2 + 22*k + 46. Determine d(21).
67
Let m(h) = 127*h**3 - 172*h + 173. What is m(1)?
128
Let j(q) = -8*q**2 + 87*q + 5. What is j(8)?
189
Let r(w) = w**3 + 7*w**2 - 23*w - 68. Give r(-3).
37
Let n(h) = h**2 - 72*h + 633. What is n(22)?
-467
Let l(x) = 123*x - 14151. What is l(115)?
-6
Let r(p) = 41*p**3 + p**2 - 13*p + 12. What is r(2)?
318
Let g(y) = y**2 + 11*y - 844. Calculate g(24).
-4
Let j(r) = -r**3 + 43*r**2 - 133*r + 2080. Determine j(41).
-11
Let j(s) = 3*s**3 - 7*s**2 + 6*s - 22. Calculate j(5).
208
Let n(b) = -3*b**3 + 131*b**2 + 39*b + 161. Give n(44).
-59
Let q(l) = 316*l + 33. What is q(0)?
33
Let n(l) = -25*l - 39. Calculate n(2).
-89
Let f(v) = -v**2 - 111*v - 25. Give f(0).
-25
Let u(n) = n**3 + 39*n**2 + 8*n + 323. Give u(-39).
11
Let g(z) = -4*z**3 - 10*z**2 + 7*z + 29. Give g(-2).
7
Let i(p) = -4*p**2 + 3*p - 17. Calculate i(-3).
-62
Let r(g) = -2*g**3 + 54*g + 6. Give r(0).
6
Let n(v) = -2*v**2 + 63*v + 287. Give n(36).
-37
Let d(g) = g**3 + 27*g**2 - 525*g + 32. Determine d(13).
-33
Let s(g) = 8*g**3 - 3*g**2 + 30*g + 55. Give s(-2).
-81
Let t(c) = 63*c - 2206. Determine t(35).
-1
Let d(k) = -84*k**2 - 2935*k + 109. Determine d(-35).
-66
Let y(v) = -v**2 + 10*v - 14. Calculate y(3).
7
Let q(l) = -l**3 - 19*l**2 - 77*l - 9. What is q(-6)?
-15
Let g(q) = -q**3 + 19*q**2 - 133*q + 389. Calculate g(11).
-106
Let b(k) = k**2 - 25*k + 8. Calculate b(6).
-106
Let v(b) = 5*b**3 + 9*b**2 + 43*b + 83. Give v(-2).
-7
Let x(p) = 2*p**3 - 510*p**2 - 11*p + 2819. Calculate x(255).
14
Let v(q) = -20*q**2 + 5*q + 1. Give v(-1).
-24
Let s(f) = -2*f**3 - 55*f**2 - 344*f - 27. Give s(-18).
9
Let u(b) = 17*b**2 - 84*b + 14. Give u(5).
19
Let j(n) = -n**2 - 2*n + 79. Give j(-22).
-361
Let u(z) = z**3 - 33*z**2 - 19*z - 496. Give u(34).
14
Let s(u) = 446*u - 2563. Calculate s(6).
113
Let d(x) = 10*x - 151. Calculate d(22).
69
Let i(u) = -u**3 + u**2 + u - 140. What is i(0)?
-140
Let y(u) = -446*u - 4475. What is y(-10)?
-15
Let i(m) = 3*m**3 - 6*m**2 + 4*m - 3. Give i(1).
-2
Let g(n) = 28*n**2 + 1119*n - 79. What is g(-40)?
-39
Let n(h) = h**3 + 4*h**2 - 5*h + 5. Calculate n(2).
19
Let r(c) = -4*c**2 - 96*c + 211. What is r(-26)?
3
Let q(i) = -4*i**3 - 3*i**2 + 6*i - 2. Determine q(1).
-3
Let k(t) = t**3 - 18*t**2 - 25*t + 71. Determine k(19).
-43
Let a(k) = -6*k**2 + 71*k - 208. Determine a(7).
-5
Let t(w) = -w**2 + 42*w + 151. Determine t(0).
151
Let n(q) = q**3 - 19*q**2 + 70*q + 21. Determine n(9).
-159
Let d(l) = -l**2 + 48*l + 137. What is d(52)?
-71
Let v(x) = x**3 - 45*x**2 + 35*x + 89. Give v(44).
-307
Let g(w) = w**3 - 215*w**2 - 169*w + 36338. Determine g(215).
3
Let z(i) = 61*i + 747. What is z(-12)?
15
Let i(b) = -12*b**2 + 263*b - 25. Determine i(22).
-47
Let t(r) = -1515*r + 21204. Give t(14).
-6
Let i(a) = -a**3 - a**2 + 19*a - 72. Give i(0).
-72
Let h(a) = 18*a + 277. Determine h(-25).
-173
Let k(x) = 3*x**2 - 10*x - 203. Give k(-7).
14
Let l(a) = -77*a**2 + 10858*a - 112. What is l(141)?
29
Let y(j) = 51*j**2 + 764*j - 7. Give y(-15).
8
Let z(s) = -74*s - 1569. What is z(-21)?
-15
Let u(x) = x**2 - 36*x - 12. Give u(2).
-80
Let u(l) = 36*l**2 + 62*l - 144. Determine u(-3).
-6
Let c(j) = -j**3 - 23*j**2 - 65*j - 69. Give c(-20).
31
Let b(p) = -3*p**2 - 16*p + 144. What is b(6)?
-60
Let f(k) = -2*k**3 + 225*k**2 + 144*k - 3503. Determine f(113).
0
Let g(n) = n**2 - 2324*n + 23135. Give g(10).
-5
Let n(g) = -g**3 + 25*g**2 + 25*g + 20. What is n(26)?
-6
Let h(l) = -21*l**3 + l**2 + 2*l + 2. Give h(-1).
22
Let i(z) = z**3 + 26*z**2 - 59*z - 855. Give i(-27).
9
Let f(z) = z**3 - 16*z**2 - 7*z + 321. Determine f(15).
-9
Let y(u) = u**2 - 6*u - 31. Calculate y(15).
104
Let k(v) = 6*v**2 - 211*v + 52. Determine k(35).
17
Let f(o) = -136*o + 19599. Determine f(144).
15
Let u(k) = -181*k + 3063. Give u(17).
-14
Let b(f) = -2328*f - 13807. Give b(-6).
161
Let k(w) = -3*w**2 + 622*w - 2624. Give k(203).
15
Let l(y) = y